
What is the greatest common divisor of 21 and 10316964?
21
What is the greatest common divisor of 6 and 82533?
3
Calculate the greatest common factor of 440 and 11836.
44
What is the greatest common divisor of 713 and 1633?
23
Calculate the greatest common factor of 7964 and 1760.
44
Calculate the greatest common factor of 1110260 and 215.
215
What is the greatest common divisor of 41 and 191224?
41
Calculate the greatest common factor of 194050 and 350.
50
Calculate the greatest common factor of 1722 and 13038.
246
Calculate the highest common factor of 2 and 866.
2
Calculate the greatest common divisor of 511796 and 69.
23
What is the highest common divisor of 37 and 313?
1
Calculate the greatest common factor of 55 and 159566.
11
What is the greatest common divisor of 39 and 124293?
39
What is the highest common factor of 171 and 396511?
19
What is the greatest common factor of 48 and 1369320?
24
What is the greatest common factor of 10395 and 150810?
165
Calculate the highest common factor of 15752 and 198.
22
Calculate the greatest common factor of 4599 and 693.
63
Calculate the highest common divisor of 226520 and 280.
280
Calculate the greatest common factor of 410 and 74.
2
What is the greatest common factor of 6666 and 45147?
303
What is the highest common divisor of 2680 and 166830?
670
Calculate the highest common divisor of 423738 and 28.
14
Calculate the highest common factor of 7342362 and 738.
738
What is the greatest common factor of 1023 and 26939?
341
What is the greatest common factor of 8778 and 58674?
462
Calculate the highest common factor of 370634 and 2618.
374
What is the highest common divisor of 16 and 88456?
8
Calculate the highest common factor of 3402 and 771120.
1134
What is the greatest common factor of 62500 and 140?
20
What is the greatest common divisor of 128926 and 21?
7
Calculate the highest common factor of 667 and 3266.
23
What is the highest common divisor of 27220 and 100?
20
What is the greatest common factor of 662 and 6?
2
Calculate the greatest common factor of 7436 and 3146.
286
What is the highest common factor of 1341 and 37?
1
What is the highest common factor of 159555 and 990?
165
What is the highest common factor of 3988 and 420?
4
Calculate the greatest common divisor of 754 and 286462.
58
Calculate the greatest common factor of 99573 and 9.
3
Calculate the highest common factor of 138924 and 2244.
204
What is the highest common factor of 13 and 1669?
1
Calculate the highest common factor of 294494 and 3664.
458
Calculate the highest common factor of 308 and 29040.
44
What is the greatest common factor of 357462 and 3654?
126
Calculate the greatest common divisor of 1298 and 2627801.
649
Calculate the highest common divisor of 240 and 294945.
15
Calculate the highest common factor of 635 and 615.
5
Calculate the greatest common divisor of 330 and 336490.
110
Calculate the greatest common factor of 660 and 69820.
20
What is the highest common divisor of 2115 and 2209?
47
What is the greatest common factor of 832133 and 1054?
527
What is the highest common factor of 17708 and 15580?
76
What is the highest common factor of 36008 and 168?
56
Calculate the highest common factor of 694812 and 12.
12
Calculate the greatest common factor of 49488 and 1200.
48
What is the highest common divisor of 126032 and 16?
16
What is the greatest common factor of 46 and 2396669?
23
What is the highest common divisor of 8 and 394868?
4
What is the greatest common divisor of 636 and 1406514?
318
Calculate the greatest common factor of 28782 and 12480.
78
Calculate the highest common divisor of 5 and 17035.
5
What is the greatest common factor of 6 and 12414?
6
What is the highest common divisor of 4515630 and 21?
21
What is the greatest common divisor of 1308 and 1332?
12
Calculate the highest common factor of 164 and 1428.
4
What is the highest common factor of 793 and 81191?
61
Calculate the highest common divisor of 7875 and 137725.
175
Calculate the highest common divisor of 178 and 19135.
89
Calculate the highest common factor of 247 and 3664739.
247
Calculate the highest common factor of 9 and 4061781.
9
What is the greatest common factor of 79060 and 1888?
236
Calculate the highest common factor of 61743 and 132.
33
What is the highest common divisor of 7 and 114884?
7
Calculate the highest common divisor of 141 and 16826.
47
What is the highest common factor of 15700 and 97026?
314
Calculate the greatest common factor of 84 and 175532.
28
What is the greatest common divisor of 987700 and 166?
166
Calculate the greatest common divisor of 59424 and 288.
96
Calculate the highest common divisor of 32696 and 732.
244
What is the greatest common factor of 359516 and 2890?
578
Calculate the greatest common divisor of 33896 and 10.
2
Calculate the highest common divisor of 58290 and 938.
134
Calculate the highest common divisor of 552 and 26427.
69
What is the greatest common factor of 6168 and 49858?
514
What is the highest common divisor of 2786 and 28?
14
What is the highest common divisor of 333 and 32?
1
Calculate the greatest common divisor of 143205 and 1185.
15
What is the highest common divisor of 180 and 3468?
12
Calculate the greatest common divisor of 1961 and 15587989.
1961
Calculate the highest common divisor of 1359 and 52397.
151
What is the greatest common factor of 333 and 2049948?
333
Calculate the greatest common factor of 1660 and 30.
10
Calculate the greatest common factor of 157830 and 270.
30
Calculate the highest common factor of 6914405 and 705.
235
What is the highest common divisor of 32300 and 257108?
1292
Calculate the greatest common divisor of 36 and 1590324.
12
Calculate the greatest common factor of 12896 and 4082.
26
What is the highest common factor of 624 and 6123?
39
Calculate the greatest common divisor of 2778482 and 7.
7
Calculate the highest common divisor of 2189 and 7.
1
What is the greatest common factor of 37333 and 629?
37
Calculate the greatest common factor of 11786 and 5146.
166
Calculate the greatest common divisor of 47340 and 1260.
180
Calculate the greatest common factor of 973 and 417.
139
Calculate the highest common divisor of 66002 and 53018.
1082
Calculate the greatest common divisor of 776 and 181196.
388
What is the greatest common divisor of 5760 and 14580?
180
Calculate the highest common divisor of 564355 and 662.
331
What is the greatest common factor of 62515 and 5?
5
Calculate the highest common divisor of 476 and 23596.
68
Calculate the greatest common divisor of 481 and 3250.
13
What is the greatest common divisor of 10137 and 651?
93
What is the highest common divisor of 2030 and 106778?
406
Calculate the highest common factor of 97388 and 8032.
1004
Calculate the greatest common factor of 135 and 2391.
3
What is the highest common factor of 214349 and 1917?
71
Calculate the highest common factor of 312 and 628329.
39
What is the highest common factor of 1072302 and 2904?
726
Calculate the greatest common divisor of 90 and 1292220.
90
Calculate the greatest common factor of 155 and 17130.
5
Calculate the greatest common divisor of 2 and 226.
2
Calculate the highest common divisor of 288 and 3960.
72
What is the highest common factor of 507391 and 67?
67
What is the highest common divisor of 4292 and 352?
4
What is the highest common divisor of 20390 and 10?
10
What is the greatest common divisor of 28444 and 1664?
52
What is the highest common divisor of 489896 and 264?
88
Calculate the highest common factor of 377 and 16965.
377
Calculate the greatest common divisor of 63 and 41913.
9
What is the highest common divisor of 252 and 352476?
36
What is the greatest common divisor of 118 and 638734?
118
What is the greatest common divisor of 446 and 10416999?
223
What is the greatest common divisor of 4872 and 4200?
168
What is the highest common factor of 119 and 28475?
17
Calculate the greatest common factor of 1000 and 1071625.
125
What is the greatest common factor of 192595 and 13?
13
What is the greatest common factor of 84 and 13722?
6
Calculate the greatest common divisor of 36143 and 47.
47
What is the greatest common divisor of 266 and 37972?
2
What is the greatest common divisor of 191740 and 140?
20
Calculate the highest common f